{"id":91,"date":"2026-03-11T15:28:49","date_gmt":"2026-03-11T15:28:49","guid":{"rendered":"https:\/\/phyto4pattes.fr\/?post_type=product&#038;p=91"},"modified":"2026-04-06T09:13:49","modified_gmt":"2026-04-06T09:13:49","slug":"curcumharpago-chiens","status":"publish","type":"product","link":"https:\/\/phyto4pattes.fr\/index.php\/produit\/curcumharpago-chiens\/","title":{"rendered":"Curcum&rsquo;Harpago chiens"},"content":{"rendered":"<p data-start=\"32\" data-end=\"96\"><strong data-start=\"32\" data-end=\"96\">Soutenir naturellement le confort articulaire et la mobilit\u00e9<\/strong><\/p>\n<p data-start=\"98\" data-end=\"269\">La cure <strong data-start=\"106\" data-end=\"123\">CurcumHarpago<\/strong> associe deux actifs naturels reconnus pour accompagner les chiens sujets aux sensibilit\u00e9s articulaires : le <strong data-start=\"232\" data-end=\"243\">curcuma<\/strong> et l\u2019<strong data-start=\"249\" data-end=\"266\">harpagophytum<\/strong>.<\/p>\n<p data-start=\"271\" data-end=\"472\">Cette synergie aide \u00e0 soutenir les articulations, favoriser la souplesse des mouvements et am\u00e9liorer le confort du chien au quotidien, notamment lors de raideurs li\u00e9es \u00e0 l\u2019\u00e2ge ou \u00e0 l\u2019activit\u00e9 physique.<\/p>\n<hr data-start=\"474\" data-end=\"477\" \/>\n<h3 data-section-id=\"12l47rv\" data-start=\"479\" data-end=\"504\">Les actifs de la cure<\/h3>\n<p data-start=\"506\" data-end=\"716\"><strong data-start=\"506\" data-end=\"533\">Curcuma (Curcuma longa)<\/strong><br data-start=\"533\" data-end=\"536\" \/>Plante utilis\u00e9e depuis longtemps pour ses propri\u00e9t\u00e9s naturelles. Elle contribue \u00e0 soutenir les m\u00e9canismes de d\u00e9fense de l\u2019organisme et participe au maintien du confort articulaire.<\/p>\n<p data-start=\"718\" data-end=\"937\"><strong data-start=\"718\" data-end=\"762\">Harpagophytum (Harpagophytum procumbens)<\/strong><br data-start=\"762\" data-end=\"765\" \/>Souvent appel\u00e9 <em data-start=\"780\" data-end=\"798\">griffe du diable<\/em>, il est traditionnellement utilis\u00e9 pour soutenir la mobilit\u00e9 et accompagner les chiens sujets aux raideurs ou aux inconforts articulaires.<\/p>\n<p data-start=\"939\" data-end=\"1063\">La combinaison de ces deux plantes cr\u00e9e une <strong data-start=\"983\" data-end=\"1062\">action compl\u00e9mentaire pour soutenir la mobilit\u00e9 et le bien-\u00eatre articulaire<\/strong>.<\/p>\n<hr data-start=\"1065\" data-end=\"1068\" \/>\n<h3 data-section-id=\"1moovnp\" data-start=\"1070\" data-end=\"1093\">Pour quels chiens ?<\/h3>\n<p data-start=\"1095\" data-end=\"1130\">La cure CurcumHarpago est adapt\u00e9e aux <strong data-start=\"1138\" data-end=\"1156\">chiens seniors, <\/strong>aux chiens pr\u00e9sentant des <strong data-start=\"1185\" data-end=\"1210\">raideurs articulaires, <\/strong>aux <strong data-start=\"1217\" data-end=\"1246\">chiens actifs ou sportifs, <\/strong>aux chiens de <strong data-start=\"1263\" data-end=\"1278\">grande race, <\/strong>lors de p\u00e9riodes o\u00f9 les articulations sont <strong data-start=\"1324\" data-end=\"1344\">plus sollicit\u00e9es.<\/strong><\/p>\n<hr data-start=\"1346\" data-end=\"1349\" \/>\n<h3 data-section-id=\"1iz1wot\" data-start=\"1351\" data-end=\"1377\">Les bienfaits attendus<\/h3>\n<p data-start=\"1379\" data-end=\"1416\">Cette cure peut aider votre chien \u00e0 :<\/p>\n<p data-start=\"1418\" data-end=\"1606\">\u2714 retrouver plus de <strong data-start=\"1438\" data-end=\"1471\">souplesse dans ses mouvements<\/strong><br data-start=\"1471\" data-end=\"1474\" \/>\u2714 se lever et se d\u00e9placer <strong data-start=\"1500\" data-end=\"1519\">plus facilement<\/strong><br data-start=\"1519\" data-end=\"1522\" \/>\u2714 maintenir un <strong data-start=\"1537\" data-end=\"1564\">bon confort articulaire<\/strong><br data-start=\"1564\" data-end=\"1567\" \/>\u2714 soutenir la <strong data-start=\"1581\" data-end=\"1606\">mobilit\u00e9 au quotidien<\/strong><\/p>\n<hr data-start=\"1608\" data-end=\"1611\" \/>\n<h3 data-section-id=\"14klbdb\" data-start=\"1613\" data-end=\"1643\">Comment utiliser la cure ? (administrer <strong data-start=\"1775\" data-end=\"1804\">m\u00e9lang\u00e9e \u00e0 l\u2019alimentation)<\/strong><\/h3>\n<ul data-start=\"1645\" data-end=\"1804\">\n<li data-section-id=\"xsiw6y\" data-start=\"1645\" data-end=\"1685\">\n<p data-start=\"1647\" data-end=\"1685\">Cure recommand\u00e9e de <strong data-start=\"1667\" data-end=\"1685\">3 \u00e0 6 semaines<\/strong><\/p>\n<\/li>\n<li data-section-id=\"641qt6\" data-start=\"1686\" data-end=\"1758\">\n<p data-start=\"1688\" data-end=\"1758\">Peut \u00eatre renouvel\u00e9e <strong data-start=\"1709\" data-end=\"1740\">plusieurs fois dans l\u2019ann\u00e9e<\/strong> selon les besoins<\/p>\n<\/li>\n<\/ul>\n<hr data-start=\"1806\" data-end=\"1809\" \/>\n<h3 data-section-id=\"evjedv\" data-start=\"1811\" data-end=\"1832\">Conseil bien-\u00eatre<\/h3>\n<p data-start=\"1834\" data-end=\"1894\">Pour soutenir durablement les articulations de votre chien :<\/p>\n<ul data-start=\"1896\" data-end=\"2069\">\n<li data-section-id=\"1wro37j\" data-start=\"1896\" data-end=\"1928\">\n<p data-start=\"1898\" data-end=\"1928\">maintenir un <strong data-start=\"1911\" data-end=\"1928\">poids optimal<\/strong><\/p>\n<\/li>\n<li data-section-id=\"fovl72\" data-start=\"1929\" data-end=\"1988\">\n<p data-start=\"1931\" data-end=\"1988\">proposer une <strong data-start=\"1944\" data-end=\"1988\">activit\u00e9 physique r\u00e9guli\u00e8re mais adapt\u00e9e<\/strong><\/p>\n<\/li>\n<li data-section-id=\"l89o1u\" data-start=\"1989\" data-end=\"2069\">\n<p data-start=\"1991\" data-end=\"2069\">privil\u00e9gier un <strong data-start=\"2006\" data-end=\"2030\">couchage confortable<\/strong> pour limiter les tensions articulaires<\/p>\n<\/li>\n<\/ul>\n<hr data-start=\"2071\" data-end=\"2074\" \/>\n<p data-start=\"2076\" data-end=\"2271\">\ud83d\udca1 La cure CurcumHarpago offre une <strong data-start=\"2111\" data-end=\"2182\">solution naturelle pour accompagner le confort articulaire du chien<\/strong>, particuli\u00e8rement utile lorsque la mobilit\u00e9 devient moins fluide avec l\u2019\u00e2ge ou l\u2019effort.<\/p>\n<p data-start=\"2076\" data-end=\"2271\"><span style=\"font-size: 1rem;\">Ce compl\u00e9ment naturel peut \u00eatre utilis\u00e9 en synergie avec notre \ud83d\udc49 <\/span><a style=\"font-size: 1rem;\" href=\"https:\/\/phyto4pattes.fr\/index.php\/produit\/articulations-chiens-2\/\">Articulations chiens<\/a><span style=\"font-size: 1rem;\">, \ud83d\udc49 <\/span><a style=\"font-size: 1rem;\" href=\"https:\/\/phyto4pattes.fr\/index.php\/produit\/msm-glucosamine-chiens\/\">MSM Glucosamine chiens<\/a><span style=\"font-size: 1rem;\"> .<\/span><\/p>\n","protected":false},"excerpt":{"rendered":"<p><em>(curcuma, harpagophytum)<\/em><\/p>\n<p>&nbsp;<\/p>\n<p>Composition tr\u00e8s efficace dans les crises articulaires douloureuses chez le chien \u00e2g\u00e9 ou le chien de sport, ainsi que dans la protection de l&rsquo;organisme (curcumine)<\/p>\n<p>Une association remarquable pour son efficacit\u00e9 dans la pr\u00e9vention et le soutien de la douleur articulaire chez le chien.<\/p>\n<p>&nbsp;<\/p>\n<p>utilisation\u00a0: (c.dose fournie = 2 g)<\/p>\n<p>chiens &lt; 10 kg : 1\/2 c.dose \/ jour<\/p>\n<p>chiens 10 \u00e0 20 kg : 1 c.dose \/ jour<\/p>\n<p>(1 c.dose \/ 10 kg \/ jour)<\/p>\n<p>&nbsp;<\/p>\n<p>&nbsp;<\/p>\n<p>Produits 100 % naturel, non dopant, formul\u00e9 pour les chiens.<\/p>\n<p>Conserver dans un endroit sec, bien refermer apr\u00e8s usage.<\/p>\n<p>Produit d&rsquo;hygi\u00e8ne et de soin, compl\u00e9ment alimentaire.<\/p>\n<p>En pot de 200g de poudres de plantes.<\/p>\n<p><strong>\u00a0<\/strong><strong>\u00a0Ces substances sont des compl\u00e9ments alimentaires et ne dispensent pas d&rsquo;un avis v\u00e9t\u00e9rinaire.<\/strong><\/p>\n","protected":false},"featured_media":548,"comment_status":"open","ping_status":"closed","template":"","meta":[],"product_brand":[],"product_cat":[41,28],"product_tag":[],"class_list":{"0":"post-91","1":"product","2":"type-product","3":"status-publish","4":"has-post-thumbnail","6":"product_cat-articulations-et-mobilite","7":"product_cat-gamme-canine","9":"first","10":"instock","11":"taxable","12":"shipping-taxable","13":"purchasable","14":"product-type-simple"},"yoast_head":"<!-- This site is optimized with the Yoast SEO plugin v27.2 - https:\/\/yoast.com\/product\/yoast-seo-wordpress\/ -->\n<title>Curcum&#039;Harpago chiens - Phyto4Pattes.fr<\/title>\n<meta name=\"description\" content=\"Soulagez les douleurs articulaires de votre chien avec l\u2019association naturelle du curcuma et de l\u2019harpagophytum.\" \/>\n<meta name=\"robots\" content=\"index, follow, max-snippet:-1, max-image-preview:large, max-video-preview:-1\" \/>\n<link rel=\"canonical\" href=\"https:\/\/phyto4pattes.fr\/index.php\/produit\/curcumharpago-chiens\/\" \/>\n<meta property=\"og:locale\" content=\"fr_FR\" \/>\n<meta property=\"og:type\" content=\"article\" \/>\n<meta property=\"og:title\" content=\"Curcum&#039;Harpago chiens - Phyto4Pattes.fr\" \/>\n<meta property=\"og:description\" content=\"Soulagez les douleurs articulaires de votre chien avec l\u2019association naturelle du curcuma et de l\u2019harpagophytum.\" \/>\n<meta property=\"og:url\" content=\"https:\/\/phyto4pattes.fr\/index.php\/produit\/curcumharpago-chiens\/\" \/>\n<meta property=\"og:site_name\" content=\"Phyto4Pattes.fr\" \/>\n<meta property=\"article:modified_time\" content=\"2026-04-06T09:13:49+00:00\" \/>\n<meta property=\"og:image\" content=\"https:\/\/phyto4pattes.fr\/wp-content\/uploads\/2026\/03\/curcum-harpago-chiens-1-1.jpg\" \/>\n\t<meta property=\"og:image:width\" content=\"250\" \/>\n\t<meta property=\"og:image:height\" content=\"250\" \/>\n\t<meta property=\"og:image:type\" content=\"image\/jpeg\" \/>\n<meta name=\"twitter:card\" content=\"summary_large_image\" \/>\n<meta name=\"twitter:label1\" content=\"Dur\u00e9e de lecture estim\u00e9e\" \/>\n\t<meta name=\"twitter:data1\" content=\"2 minutes\" \/>\n<script type=\"application\/ld+json\" class=\"yoast-schema-graph\">{\"@context\":\"https:\/\/schema.org\",\"@graph\":[{\"@type\":\"WebPage\",\"@id\":\"https:\/\/phyto4pattes.fr\/index.php\/produit\/curcumharpago-chiens\/\",\"url\":\"https:\/\/phyto4pattes.fr\/index.php\/produit\/curcumharpago-chiens\/\",\"name\":\"Curcum'Harpago chiens - Phyto4Pattes.fr\",\"isPartOf\":{\"@id\":\"http:\/\/phyto4pattes.fr\/#website\"},\"primaryImageOfPage\":{\"@id\":\"https:\/\/phyto4pattes.fr\/index.php\/produit\/curcumharpago-chiens\/#primaryimage\"},\"image\":{\"@id\":\"https:\/\/phyto4pattes.fr\/index.php\/produit\/curcumharpago-chiens\/#primaryimage\"},\"thumbnailUrl\":\"https:\/\/phyto4pattes.fr\/wp-content\/uploads\/2026\/03\/curcum-harpago-chiens-1-1.jpg\",\"datePublished\":\"2026-03-11T15:28:49+00:00\",\"dateModified\":\"2026-04-06T09:13:49+00:00\",\"description\":\"Soulagez les douleurs articulaires de votre chien avec l\u2019association naturelle du curcuma et de l\u2019harpagophytum.\",\"breadcrumb\":{\"@id\":\"https:\/\/phyto4pattes.fr\/index.php\/produit\/curcumharpago-chiens\/#breadcrumb\"},\"inLanguage\":\"fr-FR\",\"potentialAction\":[{\"@type\":\"ReadAction\",\"target\":[\"https:\/\/phyto4pattes.fr\/index.php\/produit\/curcumharpago-chiens\/\"]}]},{\"@type\":\"ImageObject\",\"inLanguage\":\"fr-FR\",\"@id\":\"https:\/\/phyto4pattes.fr\/index.php\/produit\/curcumharpago-chiens\/#primaryimage\",\"url\":\"https:\/\/phyto4pattes.fr\/wp-content\/uploads\/2026\/03\/curcum-harpago-chiens-1-1.jpg\",\"contentUrl\":\"https:\/\/phyto4pattes.fr\/wp-content\/uploads\/2026\/03\/curcum-harpago-chiens-1-1.jpg\",\"width\":250,\"height\":250},{\"@type\":\"BreadcrumbList\",\"@id\":\"https:\/\/phyto4pattes.fr\/index.php\/produit\/curcumharpago-chiens\/#breadcrumb\",\"itemListElement\":[{\"@type\":\"ListItem\",\"position\":1,\"name\":\"Accueil\",\"item\":\"https:\/\/phyto4pattes.fr\/\"},{\"@type\":\"ListItem\",\"position\":2,\"name\":\"Boutique\",\"item\":\"https:\/\/phyto4pattes.fr\/index.php\/shop\/\"},{\"@type\":\"ListItem\",\"position\":3,\"name\":\"Curcum&rsquo;Harpago chiens\"}]},{\"@type\":\"WebSite\",\"@id\":\"http:\/\/phyto4pattes.fr\/#website\",\"url\":\"http:\/\/phyto4pattes.fr\/\",\"name\":\"Phyto4Pattes.fr\",\"description\":\"\u00ab Le bien-\u00eatre de votre animal commence par les plantes \u00bb\",\"publisher\":{\"@id\":\"http:\/\/phyto4pattes.fr\/#organization\"},\"potentialAction\":[{\"@type\":\"SearchAction\",\"target\":{\"@type\":\"EntryPoint\",\"urlTemplate\":\"http:\/\/phyto4pattes.fr\/?s={search_term_string}\"},\"query-input\":{\"@type\":\"PropertyValueSpecification\",\"valueRequired\":true,\"valueName\":\"search_term_string\"}}],\"inLanguage\":\"fr-FR\"},{\"@type\":\"Organization\",\"@id\":\"http:\/\/phyto4pattes.fr\/#organization\",\"name\":\"Phyto4Pattes.fr\",\"url\":\"http:\/\/phyto4pattes.fr\/\",\"logo\":{\"@type\":\"ImageObject\",\"inLanguage\":\"fr-FR\",\"@id\":\"http:\/\/phyto4pattes.fr\/#\/schema\/logo\/image\/\",\"url\":\"http:\/\/phyto4pattes.fr\/wp-content\/uploads\/2026\/03\/cropped-logo-10-Phyto-4-Pattes.jpg\",\"contentUrl\":\"http:\/\/phyto4pattes.fr\/wp-content\/uploads\/2026\/03\/cropped-logo-10-Phyto-4-Pattes.jpg\",\"width\":250,\"height\":250,\"caption\":\"Phyto4Pattes.fr\"},\"image\":{\"@id\":\"http:\/\/phyto4pattes.fr\/#\/schema\/logo\/image\/\"}}]}<\/script>\n<!-- \/ Yoast SEO plugin. -->","yoast_head_json":{"title":"Curcum'Harpago chiens - Phyto4Pattes.fr","description":"Soulagez les douleurs articulaires de votre chien avec l\u2019association naturelle du curcuma et de l\u2019harpagophytum.","robots":{"index":"index","follow":"follow","max-snippet":"max-snippet:-1","max-image-preview":"max-image-preview:large","max-video-preview":"max-video-preview:-1"},"canonical":"https:\/\/phyto4pattes.fr\/index.php\/produit\/curcumharpago-chiens\/","og_locale":"fr_FR","og_type":"article","og_title":"Curcum'Harpago chiens - Phyto4Pattes.fr","og_description":"Soulagez les douleurs articulaires de votre chien avec l\u2019association naturelle du curcuma et de l\u2019harpagophytum.","og_url":"https:\/\/phyto4pattes.fr\/index.php\/produit\/curcumharpago-chiens\/","og_site_name":"Phyto4Pattes.fr","article_modified_time":"2026-04-06T09:13:49+00:00","og_image":[{"width":250,"height":250,"url":"https:\/\/phyto4pattes.fr\/wp-content\/uploads\/2026\/03\/curcum-harpago-chiens-1-1.jpg","type":"image\/jpeg"}],"twitter_card":"summary_large_image","twitter_misc":{"Dur\u00e9e de lecture estim\u00e9e":"2 minutes"},"schema":{"@context":"https:\/\/schema.org","@graph":[{"@type":"WebPage","@id":"https:\/\/phyto4pattes.fr\/index.php\/produit\/curcumharpago-chiens\/","url":"https:\/\/phyto4pattes.fr\/index.php\/produit\/curcumharpago-chiens\/","name":"Curcum'Harpago chiens - Phyto4Pattes.fr","isPartOf":{"@id":"http:\/\/phyto4pattes.fr\/#website"},"primaryImageOfPage":{"@id":"https:\/\/phyto4pattes.fr\/index.php\/produit\/curcumharpago-chiens\/#primaryimage"},"image":{"@id":"https:\/\/phyto4pattes.fr\/index.php\/produit\/curcumharpago-chiens\/#primaryimage"},"thumbnailUrl":"https:\/\/phyto4pattes.fr\/wp-content\/uploads\/2026\/03\/curcum-harpago-chiens-1-1.jpg","datePublished":"2026-03-11T15:28:49+00:00","dateModified":"2026-04-06T09:13:49+00:00","description":"Soulagez les douleurs articulaires de votre chien avec l\u2019association naturelle du curcuma et de l\u2019harpagophytum.","breadcrumb":{"@id":"https:\/\/phyto4pattes.fr\/index.php\/produit\/curcumharpago-chiens\/#breadcrumb"},"inLanguage":"fr-FR","potentialAction":[{"@type":"ReadAction","target":["https:\/\/phyto4pattes.fr\/index.php\/produit\/curcumharpago-chiens\/"]}]},{"@type":"ImageObject","inLanguage":"fr-FR","@id":"https:\/\/phyto4pattes.fr\/index.php\/produit\/curcumharpago-chiens\/#primaryimage","url":"https:\/\/phyto4pattes.fr\/wp-content\/uploads\/2026\/03\/curcum-harpago-chiens-1-1.jpg","contentUrl":"https:\/\/phyto4pattes.fr\/wp-content\/uploads\/2026\/03\/curcum-harpago-chiens-1-1.jpg","width":250,"height":250},{"@type":"BreadcrumbList","@id":"https:\/\/phyto4pattes.fr\/index.php\/produit\/curcumharpago-chiens\/#breadcrumb","itemListElement":[{"@type":"ListItem","position":1,"name":"Accueil","item":"https:\/\/phyto4pattes.fr\/"},{"@type":"ListItem","position":2,"name":"Boutique","item":"https:\/\/phyto4pattes.fr\/index.php\/shop\/"},{"@type":"ListItem","position":3,"name":"Curcum&rsquo;Harpago chiens"}]},{"@type":"WebSite","@id":"http:\/\/phyto4pattes.fr\/#website","url":"http:\/\/phyto4pattes.fr\/","name":"Phyto4Pattes.fr","description":"\u00ab Le bien-\u00eatre de votre animal commence par les plantes \u00bb","publisher":{"@id":"http:\/\/phyto4pattes.fr\/#organization"},"potentialAction":[{"@type":"SearchAction","target":{"@type":"EntryPoint","urlTemplate":"http:\/\/phyto4pattes.fr\/?s={search_term_string}"},"query-input":{"@type":"PropertyValueSpecification","valueRequired":true,"valueName":"search_term_string"}}],"inLanguage":"fr-FR"},{"@type":"Organization","@id":"http:\/\/phyto4pattes.fr\/#organization","name":"Phyto4Pattes.fr","url":"http:\/\/phyto4pattes.fr\/","logo":{"@type":"ImageObject","inLanguage":"fr-FR","@id":"http:\/\/phyto4pattes.fr\/#\/schema\/logo\/image\/","url":"http:\/\/phyto4pattes.fr\/wp-content\/uploads\/2026\/03\/cropped-logo-10-Phyto-4-Pattes.jpg","contentUrl":"http:\/\/phyto4pattes.fr\/wp-content\/uploads\/2026\/03\/cropped-logo-10-Phyto-4-Pattes.jpg","width":250,"height":250,"caption":"Phyto4Pattes.fr"},"image":{"@id":"http:\/\/phyto4pattes.fr\/#\/schema\/logo\/image\/"}}]}},"_links":{"self":[{"href":"https:\/\/phyto4pattes.fr\/index.php\/wp-json\/wp\/v2\/product\/91","targetHints":{"allow":["GET"]}}],"collection":[{"href":"https:\/\/phyto4pattes.fr\/index.php\/wp-json\/wp\/v2\/product"}],"about":[{"href":"https:\/\/phyto4pattes.fr\/index.php\/wp-json\/wp\/v2\/types\/product"}],"replies":[{"embeddable":true,"href":"https:\/\/phyto4pattes.fr\/index.php\/wp-json\/wp\/v2\/comments?post=91"}],"wp:featuredmedia":[{"embeddable":true,"href":"https:\/\/phyto4pattes.fr\/index.php\/wp-json\/wp\/v2\/media\/548"}],"wp:attachment":[{"href":"https:\/\/phyto4pattes.fr\/index.php\/wp-json\/wp\/v2\/media?parent=91"}],"wp:term":[{"taxonomy":"product_brand","embeddable":true,"href":"https:\/\/phyto4pattes.fr\/index.php\/wp-json\/wp\/v2\/product_brand?post=91"},{"taxonomy":"product_cat","embeddable":true,"href":"https:\/\/phyto4pattes.fr\/index.php\/wp-json\/wp\/v2\/product_cat?post=91"},{"taxonomy":"product_tag","embeddable":true,"href":"https:\/\/phyto4pattes.fr\/index.php\/wp-json\/wp\/v2\/product_tag?post=91"}],"curies":[{"name":"wp","href":"https:\/\/api.w.org\/{rel}","templated":true}]}}