{"id":487,"date":"2026-03-30T12:16:25","date_gmt":"2026-03-30T12:16:25","guid":{"rendered":"https:\/\/phyto4pattes.fr\/?post_type=product&#038;p=487"},"modified":"2026-04-16T09:29:13","modified_gmt":"2026-04-16T09:29:13","slug":"verminnature","status":"publish","type":"product","link":"https:\/\/phyto4pattes.fr\/index.php\/produit\/verminnature\/","title":{"rendered":"Vermi&rsquo;Nature chiens"},"content":{"rendered":"<h1>\ud83c\udf3f Vermifuge doux &amp; protection intestinale 100% plantes<\/h1>\n<p><em data-start=\"2138\" data-end=\"2181\">\u201cUn intestin sain, naturellement prot\u00e9g\u00e9\u201d<\/em><\/p>\n<p data-start=\"1042\" data-end=\"1174\">Les parasites intestinaux (vers) sont fr\u00e9quents chez le chien et peuvent provoquer troubles digestifs, fatigue et baisse d\u2019immunit\u00e9.<\/p>\n<p data-start=\"1176\" data-end=\"1255\"><strong data-start=\"1176\" data-end=\"1192\">Vermi\u2019Nature<\/strong> est une solution naturelle compl\u00e8te qui agit en douceur pour :<\/p>\n<ul data-start=\"1256\" data-end=\"1379\">\n<li data-section-id=\"1ei0a73\" data-start=\"1256\" data-end=\"1308\">cr\u00e9er un environnement d\u00e9favorable aux parasites<\/li>\n<li data-section-id=\"rw8sxy\" data-start=\"1309\" data-end=\"1341\">soutenir le syst\u00e8me digestif<\/li>\n<li data-section-id=\"50hte6\" data-start=\"1342\" data-end=\"1379\">renforcer les d\u00e9fenses naturelles<\/li>\n<\/ul>\n<p data-start=\"1381\" data-end=\"1568\">Sa formule associe des plantes reconnues en phytoth\u00e9rapie pour leurs propri\u00e9t\u00e9s antiparasitaires et digestives, offrant une alternative naturelle aux traitements classiques en pr\u00e9vention.<\/p>\n<h1 data-section-id=\"1xzi4tu\" data-start=\"713\" data-end=\"754\">\u2b50\ufe0f LES POINTS FORTS<\/h1>\n<p data-start=\"755\" data-end=\"983\">\u2714\ufe0f Aide \u00e0 \u00e9liminer les parasites intestinaux naturellement<br data-start=\"813\" data-end=\"816\" \/>\u2714\ufe0f Favorise un intestin sain et \u00e9quilibr\u00e9<br data-start=\"857\" data-end=\"860\" \/>\u2714\ufe0f Soutient les d\u00e9fenses immunitaires<br data-start=\"897\" data-end=\"900\" \/>\u2714\ufe0f Formule douce sans produits chimiques<br data-start=\"940\" data-end=\"943\" \/>\u2714\ufe0f Id\u00e9al en pr\u00e9vention et en<\/p>\n<h1 data-section-id=\"12bp46v\" data-start=\"2820\" data-end=\"2856\">\ud83e\uddea POURQUOI CHOISIR VERMI\u2019NATURE ?<\/h1>\n<p data-start=\"2858\" data-end=\"2898\">Contrairement aux vermifuges chimiques :<\/p>\n<ul data-start=\"2899\" data-end=\"3005\">\n<li data-section-id=\"14jxmyj\" data-start=\"2899\" data-end=\"2928\">n\u2019agresse pas l\u2019organisme<\/li>\n<li data-section-id=\"ifbgye\" data-start=\"2929\" data-end=\"2966\">respecte le microbiote intestinal<\/li>\n<li data-section-id=\"lgnpm6\" data-start=\"2967\" data-end=\"3005\">utilisable en pr\u00e9vention r\u00e9guli\u00e8re<\/li>\n<\/ul>\n<p data-start=\"3007\" data-end=\"3098\">\ud83d\udc49 Une solution id\u00e9ale pour les propri\u00e9taires souhaitant une approche naturelle et durable.<\/p>\n<p data-start=\"3007\" data-end=\"3098\">Pour compl\u00e9ter l&rsquo;action utilisez les produits suivants<\/p>\n<p data-start=\"3468\" data-end=\"3484\">\ud83d\udc49<a href=\"https:\/\/phyto4pattes.fr\/index.php\/produit\/digestzen-confort-intestinal-naturel-pour-chien\/\"> <strong data-start=\"3487\" data-end=\"3517\">Compl\u00e9ment digestion chien<\/strong><\/a> \u2192 \u201cam\u00e9liorer la sant\u00e9 intestinale\u201d<\/p>\n<p data-start=\"3468\" data-end=\"3484\"><strong data-start=\"3557\" data-end=\"3586\">\ud83d\udc49<a href=\"https:\/\/phyto4pattes.fr\/index.php\/produit\/immunidog-protect\/\">Renfort immunitaire chien<\/a><\/strong> \u2192 \u201csoutenir les d\u00e9fenses naturelles\u201d<\/p>\n<p data-start=\"3468\" data-end=\"3484\"><strong data-start=\"3628\" data-end=\"3650\">\ud83d\udc49<a href=\"https:\/\/phyto4pattes.fr\/index.php\/produit\/probiotiques-chiens\/\">Probiotiques chien<\/a><\/strong> \u2192 \u201cr\u00e9\u00e9quilibrer la flore intestinale\u201d<\/p>\n<p data-start=\"3468\" data-end=\"3484\">Consultez notre article \ud83d\udc49 <em data-start=\"4309\" data-end=\"4381\">\u201c<a href=\"https:\/\/phyto4pattes.fr\/index.php\/blog\/parasites-intestinaux-chez-le-chien-symptomes-et-solutions-naturelles\/\">Parasites intestinaux chez le chien : solutions naturelles efficaces\u201d<\/a><\/em><\/p>\n","protected":false},"excerpt":{"rendered":"<p><em>(thym, armoise, graines de courge, fenouil, diatom\u00e9es alimentaires)<\/em><\/p>\n<p>Favorise l\u2019\u00e9limination des vers intestinaux et limite leur d\u00e9veloppement.<\/p>\n<p>R\u00e9duit les troubles digestifs li\u00e9s aux parasites (gaz, selles molles).<\/p>\n<p>Aide l\u2019organisme \u00e0 mieux se d\u00e9fendre contre les infestations.<\/p>\n<h2 data-section-id=\"1yh1437\" data-start=\"2355\" data-end=\"2378\">\ud83d\udc15 MODE D\u2019UTILISATION<\/h2>\n<h3 data-section-id=\"4xw3br\" data-start=\"2380\" data-end=\"2396\">\ud83e\udd44 Posologie<\/h3>\n<ul data-start=\"2397\" data-end=\"2527\">\n<li data-section-id=\"15wp7bp\" data-start=\"2397\" data-end=\"2442\">Moins de 10 kg : \u00bd cuill\u00e8re \u00e0 caf\u00e9 \/ jour<\/li>\n<li data-section-id=\"tstq6h\" data-start=\"2443\" data-end=\"2484\">10 \u00e0 25 kg : 1 cuill\u00e8re \u00e0 caf\u00e9 \/ jour<\/li>\n<li data-section-id=\"z4jdq7\" data-start=\"2485\" data-end=\"2527\">(1\/2 c. caf\u00e9 \/ 10 kg poids \/ jour)<\/li>\n<\/ul>\n<p data-start=\"2529\" data-end=\"2568\">\ud83d\udc49 M\u00e9langer directement \u00e0 la nourriture<\/p>\n<h3 data-section-id=\"56uii0\" data-start=\"2570\" data-end=\"2592\">\u23f3 Cure recommand\u00e9e<\/h3>\n<ul data-start=\"2593\" data-end=\"2642\">\n<li data-section-id=\"h62klr\" data-start=\"2593\" data-end=\"2609\">7 \u00e0 10 jours<\/li>\n<li data-section-id=\"eqz8mn\" data-start=\"2610\" data-end=\"2642\">\u00c0 renouveler tous les 3 mois<\/li>\n<\/ul>\n<h2 data-section-id=\"xc20uy\" data-start=\"2649\" data-end=\"2665\">\u26a0\ufe0f PR\u00c9CAUTIONS<\/h2>\n<ul data-start=\"2666\" data-end=\"2813\">\n<li data-section-id=\"xhnxfo\" data-start=\"2666\" data-end=\"2710\">Ne pas utiliser chez la femelle gestante<\/li>\n<li data-section-id=\"19s6b8i\" data-start=\"2711\" data-end=\"2747\">Respecter les doses recommand\u00e9es<\/li>\n<li data-section-id=\"i2qqwl\" data-start=\"2748\" data-end=\"2813\">Demander conseil \u00e0 un v\u00e9t\u00e9rinaire en cas de forte infestation<\/li>\n<li data-section-id=\"i2qqwl\" data-start=\"2748\" data-end=\"2813\"><\/li>\n<li data-section-id=\"i2qqwl\" data-start=\"2748\" data-end=\"2813\">\ud83d\udce6 FORMAT<\/li>\n<\/ul>\n<ul data-start=\"3325\" data-end=\"3407\">\n<li data-section-id=\"x7f4yq\" data-start=\"3351\" data-end=\"3369\">Pot refermable de 200 g de poudre 100% naturelle<\/li>\n<li data-section-id=\"1eateow\" data-start=\"3370\" data-end=\"3407\">Cure de 1 \u00e0 2 mois selon le poids<\/li>\n<li data-section-id=\"1eateow\" data-start=\"3370\" data-end=\"3407\">(photo non contractuelle)<\/li>\n<\/ul>\n","protected":false},"featured_media":127,"comment_status":"closed","ping_status":"closed","template":"","meta":[],"product_brand":[],"product_cat":[68,28,43],"product_tag":[87,89,93,92,91,88,90,86],"class_list":{"0":"post-487","1":"product","2":"type-product","3":"status-publish","4":"has-post-thumbnail","6":"product_cat-antiparasitaires","7":"product_cat-gamme-canine","8":"product_cat-immunite-et-vitalite","9":"product_tag-antiparasitaire-naturel-chien","10":"product_tag-complement-antiparasitaire-chien","11":"product_tag-diatomees-chien-vers","12":"product_tag-graine-de-courge-chien-vers","13":"product_tag-plantes-vermifuge-chien","14":"product_tag-solution-naturelle-parasites-chien","15":"product_tag-thym-antiparasitaire-chien","16":"product_tag-vermifuge-naturel-chien","18":"first","19":"instock","20":"taxable","21":"shipping-taxable","22":"purchasable","23":"product-type-simple"},"yoast_head":"<!-- This site is optimized with the Yoast SEO plugin v27.2 - https:\/\/yoast.com\/product\/yoast-seo-wordpress\/ -->\n<title>Vermi&#039;Nature chiens - Phyto4Pattes.fr<\/title>\n<meta name=\"description\" content=\"Antiparasitaire naturel pour chien \u00e0 base de plantes. Aide \u00e0 \u00e9liminer les vers, prot\u00e8ge l\u2019intestin et renforce l\u2019immunit\u00e9. Cure douce et efficace.\" \/>\n<meta name=\"robots\" content=\"index, follow, max-snippet:-1, max-image-preview:large, max-video-preview:-1\" \/>\n<link rel=\"canonical\" href=\"https:\/\/phyto4pattes.fr\/index.php\/produit\/verminnature\/\" \/>\n<meta property=\"og:locale\" content=\"fr_FR\" \/>\n<meta property=\"og:type\" content=\"article\" \/>\n<meta property=\"og:title\" content=\"Vermi&#039;Nature chiens - Phyto4Pattes.fr\" \/>\n<meta property=\"og:description\" content=\"Antiparasitaire naturel pour chien \u00e0 base de plantes. Aide \u00e0 \u00e9liminer les vers, prot\u00e8ge l\u2019intestin et renforce l\u2019immunit\u00e9. Cure douce et efficace.\" \/>\n<meta property=\"og:url\" content=\"https:\/\/phyto4pattes.fr\/index.php\/produit\/verminnature\/\" \/>\n<meta property=\"og:site_name\" content=\"Phyto4Pattes.fr\" \/>\n<meta property=\"article:modified_time\" content=\"2026-04-16T09:29:13+00:00\" \/>\n<meta property=\"og:image\" content=\"http:\/\/phyto4pattes.fr\/wp-content\/uploads\/2026\/03\/probiotiques-chiens.jpg\" \/>\n\t<meta property=\"og:image:width\" content=\"250\" \/>\n\t<meta property=\"og:image:height\" content=\"250\" \/>\n\t<meta property=\"og:image:type\" content=\"image\/jpeg\" \/>\n<meta name=\"twitter:card\" content=\"summary_large_image\" \/>\n<meta name=\"twitter:label1\" content=\"Dur\u00e9e de lecture estim\u00e9e\" \/>\n\t<meta name=\"twitter:data1\" content=\"2 minutes\" \/>\n<script type=\"application\/ld+json\" class=\"yoast-schema-graph\">{\"@context\":\"https:\/\/schema.org\",\"@graph\":[{\"@type\":\"WebPage\",\"@id\":\"https:\/\/phyto4pattes.fr\/index.php\/produit\/verminnature\/\",\"url\":\"https:\/\/phyto4pattes.fr\/index.php\/produit\/verminnature\/\",\"name\":\"Vermi'Nature chiens - Phyto4Pattes.fr\",\"isPartOf\":{\"@id\":\"http:\/\/phyto4pattes.fr\/#website\"},\"primaryImageOfPage\":{\"@id\":\"https:\/\/phyto4pattes.fr\/index.php\/produit\/verminnature\/#primaryimage\"},\"image\":{\"@id\":\"https:\/\/phyto4pattes.fr\/index.php\/produit\/verminnature\/#primaryimage\"},\"thumbnailUrl\":\"https:\/\/phyto4pattes.fr\/wp-content\/uploads\/2026\/03\/probiotiques-chiens.jpg\",\"datePublished\":\"2026-03-30T12:16:25+00:00\",\"dateModified\":\"2026-04-16T09:29:13+00:00\",\"description\":\"Antiparasitaire naturel pour chien \u00e0 base de plantes. Aide \u00e0 \u00e9liminer les vers, prot\u00e8ge l\u2019intestin et renforce l\u2019immunit\u00e9. Cure douce et efficace.\",\"breadcrumb\":{\"@id\":\"https:\/\/phyto4pattes.fr\/index.php\/produit\/verminnature\/#breadcrumb\"},\"inLanguage\":\"fr-FR\",\"potentialAction\":[{\"@type\":\"ReadAction\",\"target\":[\"https:\/\/phyto4pattes.fr\/index.php\/produit\/verminnature\/\"]}]},{\"@type\":\"ImageObject\",\"inLanguage\":\"fr-FR\",\"@id\":\"https:\/\/phyto4pattes.fr\/index.php\/produit\/verminnature\/#primaryimage\",\"url\":\"https:\/\/phyto4pattes.fr\/wp-content\/uploads\/2026\/03\/probiotiques-chiens.jpg\",\"contentUrl\":\"https:\/\/phyto4pattes.fr\/wp-content\/uploads\/2026\/03\/probiotiques-chiens.jpg\",\"width\":250,\"height\":250},{\"@type\":\"BreadcrumbList\",\"@id\":\"https:\/\/phyto4pattes.fr\/index.php\/produit\/verminnature\/#breadcrumb\",\"itemListElement\":[{\"@type\":\"ListItem\",\"position\":1,\"name\":\"Accueil\",\"item\":\"https:\/\/phyto4pattes.fr\/\"},{\"@type\":\"ListItem\",\"position\":2,\"name\":\"Boutique\",\"item\":\"https:\/\/phyto4pattes.fr\/index.php\/shop\/\"},{\"@type\":\"ListItem\",\"position\":3,\"name\":\"Vermi&rsquo;Nature chiens\"}]},{\"@type\":\"WebSite\",\"@id\":\"http:\/\/phyto4pattes.fr\/#website\",\"url\":\"http:\/\/phyto4pattes.fr\/\",\"name\":\"Phyto4Pattes.fr\",\"description\":\"\u00ab Le bien-\u00eatre de votre animal commence par les plantes \u00bb\",\"publisher\":{\"@id\":\"http:\/\/phyto4pattes.fr\/#organization\"},\"potentialAction\":[{\"@type\":\"SearchAction\",\"target\":{\"@type\":\"EntryPoint\",\"urlTemplate\":\"http:\/\/phyto4pattes.fr\/?s={search_term_string}\"},\"query-input\":{\"@type\":\"PropertyValueSpecification\",\"valueRequired\":true,\"valueName\":\"search_term_string\"}}],\"inLanguage\":\"fr-FR\"},{\"@type\":\"Organization\",\"@id\":\"http:\/\/phyto4pattes.fr\/#organization\",\"name\":\"Phyto4Pattes.fr\",\"url\":\"http:\/\/phyto4pattes.fr\/\",\"logo\":{\"@type\":\"ImageObject\",\"inLanguage\":\"fr-FR\",\"@id\":\"http:\/\/phyto4pattes.fr\/#\/schema\/logo\/image\/\",\"url\":\"http:\/\/phyto4pattes.fr\/wp-content\/uploads\/2026\/03\/cropped-logo-10-Phyto-4-Pattes.jpg\",\"contentUrl\":\"http:\/\/phyto4pattes.fr\/wp-content\/uploads\/2026\/03\/cropped-logo-10-Phyto-4-Pattes.jpg\",\"width\":250,\"height\":250,\"caption\":\"Phyto4Pattes.fr\"},\"image\":{\"@id\":\"http:\/\/phyto4pattes.fr\/#\/schema\/logo\/image\/\"}}]}<\/script>\n<!-- \/ Yoast SEO plugin. -->","yoast_head_json":{"title":"Vermi'Nature chiens - Phyto4Pattes.fr","description":"Antiparasitaire naturel pour chien \u00e0 base de plantes. Aide \u00e0 \u00e9liminer les vers, prot\u00e8ge l\u2019intestin et renforce l\u2019immunit\u00e9. Cure douce et efficace.","robots":{"index":"index","follow":"follow","max-snippet":"max-snippet:-1","max-image-preview":"max-image-preview:large","max-video-preview":"max-video-preview:-1"},"canonical":"https:\/\/phyto4pattes.fr\/index.php\/produit\/verminnature\/","og_locale":"fr_FR","og_type":"article","og_title":"Vermi'Nature chiens - Phyto4Pattes.fr","og_description":"Antiparasitaire naturel pour chien \u00e0 base de plantes. Aide \u00e0 \u00e9liminer les vers, prot\u00e8ge l\u2019intestin et renforce l\u2019immunit\u00e9. Cure douce et efficace.","og_url":"https:\/\/phyto4pattes.fr\/index.php\/produit\/verminnature\/","og_site_name":"Phyto4Pattes.fr","article_modified_time":"2026-04-16T09:29:13+00:00","og_image":[{"width":250,"height":250,"url":"http:\/\/phyto4pattes.fr\/wp-content\/uploads\/2026\/03\/probiotiques-chiens.jpg","type":"image\/jpeg"}],"twitter_card":"summary_large_image","twitter_misc":{"Dur\u00e9e de lecture estim\u00e9e":"2 minutes"},"schema":{"@context":"https:\/\/schema.org","@graph":[{"@type":"WebPage","@id":"https:\/\/phyto4pattes.fr\/index.php\/produit\/verminnature\/","url":"https:\/\/phyto4pattes.fr\/index.php\/produit\/verminnature\/","name":"Vermi'Nature chiens - Phyto4Pattes.fr","isPartOf":{"@id":"http:\/\/phyto4pattes.fr\/#website"},"primaryImageOfPage":{"@id":"https:\/\/phyto4pattes.fr\/index.php\/produit\/verminnature\/#primaryimage"},"image":{"@id":"https:\/\/phyto4pattes.fr\/index.php\/produit\/verminnature\/#primaryimage"},"thumbnailUrl":"https:\/\/phyto4pattes.fr\/wp-content\/uploads\/2026\/03\/probiotiques-chiens.jpg","datePublished":"2026-03-30T12:16:25+00:00","dateModified":"2026-04-16T09:29:13+00:00","description":"Antiparasitaire naturel pour chien \u00e0 base de plantes. Aide \u00e0 \u00e9liminer les vers, prot\u00e8ge l\u2019intestin et renforce l\u2019immunit\u00e9. Cure douce et efficace.","breadcrumb":{"@id":"https:\/\/phyto4pattes.fr\/index.php\/produit\/verminnature\/#breadcrumb"},"inLanguage":"fr-FR","potentialAction":[{"@type":"ReadAction","target":["https:\/\/phyto4pattes.fr\/index.php\/produit\/verminnature\/"]}]},{"@type":"ImageObject","inLanguage":"fr-FR","@id":"https:\/\/phyto4pattes.fr\/index.php\/produit\/verminnature\/#primaryimage","url":"https:\/\/phyto4pattes.fr\/wp-content\/uploads\/2026\/03\/probiotiques-chiens.jpg","contentUrl":"https:\/\/phyto4pattes.fr\/wp-content\/uploads\/2026\/03\/probiotiques-chiens.jpg","width":250,"height":250},{"@type":"BreadcrumbList","@id":"https:\/\/phyto4pattes.fr\/index.php\/produit\/verminnature\/#breadcrumb","itemListElement":[{"@type":"ListItem","position":1,"name":"Accueil","item":"https:\/\/phyto4pattes.fr\/"},{"@type":"ListItem","position":2,"name":"Boutique","item":"https:\/\/phyto4pattes.fr\/index.php\/shop\/"},{"@type":"ListItem","position":3,"name":"Vermi&rsquo;Nature chiens"}]},{"@type":"WebSite","@id":"http:\/\/phyto4pattes.fr\/#website","url":"http:\/\/phyto4pattes.fr\/","name":"Phyto4Pattes.fr","description":"\u00ab Le bien-\u00eatre de votre animal commence par les plantes \u00bb","publisher":{"@id":"http:\/\/phyto4pattes.fr\/#organization"},"potentialAction":[{"@type":"SearchAction","target":{"@type":"EntryPoint","urlTemplate":"http:\/\/phyto4pattes.fr\/?s={search_term_string}"},"query-input":{"@type":"PropertyValueSpecification","valueRequired":true,"valueName":"search_term_string"}}],"inLanguage":"fr-FR"},{"@type":"Organization","@id":"http:\/\/phyto4pattes.fr\/#organization","name":"Phyto4Pattes.fr","url":"http:\/\/phyto4pattes.fr\/","logo":{"@type":"ImageObject","inLanguage":"fr-FR","@id":"http:\/\/phyto4pattes.fr\/#\/schema\/logo\/image\/","url":"http:\/\/phyto4pattes.fr\/wp-content\/uploads\/2026\/03\/cropped-logo-10-Phyto-4-Pattes.jpg","contentUrl":"http:\/\/phyto4pattes.fr\/wp-content\/uploads\/2026\/03\/cropped-logo-10-Phyto-4-Pattes.jpg","width":250,"height":250,"caption":"Phyto4Pattes.fr"},"image":{"@id":"http:\/\/phyto4pattes.fr\/#\/schema\/logo\/image\/"}}]}},"_links":{"self":[{"href":"https:\/\/phyto4pattes.fr\/index.php\/wp-json\/wp\/v2\/product\/487","targetHints":{"allow":["GET"]}}],"collection":[{"href":"https:\/\/phyto4pattes.fr\/index.php\/wp-json\/wp\/v2\/product"}],"about":[{"href":"https:\/\/phyto4pattes.fr\/index.php\/wp-json\/wp\/v2\/types\/product"}],"replies":[{"embeddable":true,"href":"https:\/\/phyto4pattes.fr\/index.php\/wp-json\/wp\/v2\/comments?post=487"}],"wp:featuredmedia":[{"embeddable":true,"href":"https:\/\/phyto4pattes.fr\/index.php\/wp-json\/wp\/v2\/media\/127"}],"wp:attachment":[{"href":"https:\/\/phyto4pattes.fr\/index.php\/wp-json\/wp\/v2\/media?parent=487"}],"wp:term":[{"taxonomy":"product_brand","embeddable":true,"href":"https:\/\/phyto4pattes.fr\/index.php\/wp-json\/wp\/v2\/product_brand?post=487"},{"taxonomy":"product_cat","embeddable":true,"href":"https:\/\/phyto4pattes.fr\/index.php\/wp-json\/wp\/v2\/product_cat?post=487"},{"taxonomy":"product_tag","embeddable":true,"href":"https:\/\/phyto4pattes.fr\/index.php\/wp-json\/wp\/v2\/product_tag?post=487"}],"curies":[{"name":"wp","href":"https:\/\/api.w.org\/{rel}","templated":true}]}}