{"id":454,"date":"2026-03-27T13:48:22","date_gmt":"2026-03-27T13:48:22","guid":{"rendered":"https:\/\/phyto4pattes.fr\/?page_id=454"},"modified":"2026-03-27T13:50:14","modified_gmt":"2026-03-27T13:50:14","slug":"parasites-intestinaux-chez-le-chien-symptomes-et-solutions-naturelles","status":"publish","type":"page","link":"https:\/\/phyto4pattes.fr\/index.php\/blog\/parasites-intestinaux-chez-le-chien-symptomes-et-solutions-naturelles\/","title":{"rendered":"Parasites intestinaux chez le chien : sympt\u00f4mes et solutions naturelles"},"content":{"rendered":"\n<p>Les parasites intestinaux peuvent nuire gravement \u00e0 la sant\u00e9 de votre chien.<\/p>\n\n\n\n<h2 class=\"wp-block-heading\">\ud83d\udd0d Causes<\/h2>\n\n\n\n<ul class=\"wp-block-list\">\n<li>Environnement contamin\u00e9<\/li>\n\n\n\n<li>Contact avec d\u2019autres animaux<\/li>\n\n\n\n<li>Alimentation<\/li>\n<\/ul>\n\n\n\n<h2 class=\"wp-block-heading\">\u26a0\ufe0f Sympt\u00f4mes<\/h2>\n\n\n\n<ul class=\"wp-block-list\">\n<li>Diarrh\u00e9e<\/li>\n\n\n\n<li>Perte de poids<\/li>\n\n\n\n<li>Fatigue<\/li>\n\n\n\n<li>Ventre gonfl\u00e9<\/li>\n<\/ul>\n\n\n\n<h2 class=\"wp-block-heading\">\ud83c\udf3f Solutions naturelles<\/h2>\n\n\n\n<ul class=\"wp-block-list\">\n<li>Plantes vermifuges<\/li>\n\n\n\n<li>Hygi\u00e8ne<\/li>\n\n\n\n<li>Renforcement immunitaire<\/li>\n<\/ul>\n\n\n\n<h2 class=\"wp-block-heading\">\ud83c\udfaf Que faire ?<\/h2>\n\n\n\n<ol class=\"wp-block-list\">\n<li>Identifier les parasites<\/li>\n\n\n\n<li>Traiter naturellement<\/li>\n\n\n\n<li>Pr\u00e9venir<\/li>\n<\/ol>\n\n\n\n<h2 class=\"wp-block-heading\">\ud83d\uded2 Solution recommand\u00e9e<\/h2>\n\n\n\n<p>\ud83d\udc49 <strong>D\u00e9couvrir nos solutions antiparasitaires naturelles<\/strong><\/p>\n\n\n\n<h2 class=\"wp-block-heading\">\u2753 FAQ<\/h2>\n\n\n\n<p><strong>Comment \u00e9liminer les parasites naturellement ?<\/strong><br>Gr\u00e2ce \u00e0 des plantes sp\u00e9cifiques et une bonne hygi\u00e8ne.<\/p>\n\n\n\n<hr class=\"wp-block-separator has-alpha-channel-opacity\"\/>\n\n\n\n<p>\ud83d\udc49 Voir tous les articles sur les parasites du chien<\/p>\n","protected":false},"excerpt":{"rendered":"<p>Les parasites intestinaux peuvent nuire gravement \u00e0 la sant\u00e9 de votre chien. \ud83d\udd0d Causes \u26a0\ufe0f Sympt\u00f4mes \ud83c\udf3f Solutions naturelles \ud83c\udfaf Que faire ? \ud83d\uded2 Solution recommand\u00e9e \ud83d\udc49 D\u00e9couvrir nos solutions antiparasitaires naturelles \u2753 FAQ Comment \u00e9liminer les parasites naturellement ?Gr\u00e2ce \u00e0 des plantes sp\u00e9cifiques et une bonne hygi\u00e8ne. \ud83d\udc49 Voir tous les articles sur les &hellip; <\/p>\n<p class=\"link-more\"><a href=\"https:\/\/phyto4pattes.fr\/index.php\/blog\/parasites-intestinaux-chez-le-chien-symptomes-et-solutions-naturelles\/\" class=\"more-link\">Continuer la lecture<span class=\"screen-reader-text\"> de &laquo;&nbsp;Parasites intestinaux chez le chien : sympt\u00f4mes et solutions naturelles&nbsp;&raquo;<\/span><\/a><\/p>\n","protected":false},"author":1,"featured_media":0,"parent":47,"menu_order":0,"comment_status":"closed","ping_status":"closed","template":"elementor_canvas","meta":{"footnotes":""},"class_list":["post-454","page","type-page","status-publish","hentry"],"yoast_head":"<!-- This site is optimized with the Yoast SEO plugin v27.2 - https:\/\/yoast.com\/product\/yoast-seo-wordpress\/ -->\n<title>Parasites intestinaux chez le chien : sympt\u00f4mes et solutions naturelles - Phyto4Pattes.fr<\/title>\n<meta name=\"robots\" content=\"index, follow, max-snippet:-1, max-image-preview:large, max-video-preview:-1\" \/>\n<link rel=\"canonical\" href=\"http:\/\/phyto4pattes.fr\/index.php\/blog\/parasites-intestinaux-chez-le-chien-symptomes-et-solutions-naturelles\/\" \/>\n<meta property=\"og:locale\" content=\"fr_FR\" \/>\n<meta property=\"og:type\" content=\"article\" \/>\n<meta property=\"og:title\" content=\"Parasites intestinaux chez le chien : sympt\u00f4mes et solutions naturelles - Phyto4Pattes.fr\" \/>\n<meta property=\"og:description\" content=\"Les parasites intestinaux peuvent nuire gravement \u00e0 la sant\u00e9 de votre chien. \ud83d\udd0d Causes \u26a0\ufe0f Sympt\u00f4mes \ud83c\udf3f Solutions naturelles \ud83c\udfaf Que faire ? \ud83d\uded2 Solution recommand\u00e9e \ud83d\udc49 D\u00e9couvrir nos solutions antiparasitaires naturelles \u2753 FAQ Comment \u00e9liminer les parasites naturellement ?Gr\u00e2ce \u00e0 des plantes sp\u00e9cifiques et une bonne hygi\u00e8ne. \ud83d\udc49 Voir tous les articles sur les &hellip; Continuer la lecture de &laquo;&nbsp;Parasites intestinaux chez le chien : sympt\u00f4mes et solutions naturelles&nbsp;&raquo;\" \/>\n<meta property=\"og:url\" content=\"http:\/\/phyto4pattes.fr\/index.php\/blog\/parasites-intestinaux-chez-le-chien-symptomes-et-solutions-naturelles\/\" \/>\n<meta property=\"og:site_name\" content=\"Phyto4Pattes.fr\" \/>\n<meta property=\"article:modified_time\" content=\"2026-03-27T13:50:14+00:00\" \/>\n<meta name=\"twitter:card\" content=\"summary_large_image\" \/>\n<meta name=\"twitter:label1\" content=\"Dur\u00e9e de lecture estim\u00e9e\" \/>\n\t<meta name=\"twitter:data1\" content=\"1 minute\" \/>\n<script type=\"application\/ld+json\" class=\"yoast-schema-graph\">{\"@context\":\"https:\/\/schema.org\",\"@graph\":[{\"@type\":\"WebPage\",\"@id\":\"http:\/\/phyto4pattes.fr\/index.php\/blog\/parasites-intestinaux-chez-le-chien-symptomes-et-solutions-naturelles\/\",\"url\":\"http:\/\/phyto4pattes.fr\/index.php\/blog\/parasites-intestinaux-chez-le-chien-symptomes-et-solutions-naturelles\/\",\"name\":\"Parasites intestinaux chez le chien : sympt\u00f4mes et solutions naturelles - Phyto4Pattes.fr\",\"isPartOf\":{\"@id\":\"http:\/\/phyto4pattes.fr\/#website\"},\"datePublished\":\"2026-03-27T13:48:22+00:00\",\"dateModified\":\"2026-03-27T13:50:14+00:00\",\"breadcrumb\":{\"@id\":\"http:\/\/phyto4pattes.fr\/index.php\/blog\/parasites-intestinaux-chez-le-chien-symptomes-et-solutions-naturelles\/#breadcrumb\"},\"inLanguage\":\"fr-FR\",\"potentialAction\":[{\"@type\":\"ReadAction\",\"target\":[\"http:\/\/phyto4pattes.fr\/index.php\/blog\/parasites-intestinaux-chez-le-chien-symptomes-et-solutions-naturelles\/\"]}]},{\"@type\":\"BreadcrumbList\",\"@id\":\"http:\/\/phyto4pattes.fr\/index.php\/blog\/parasites-intestinaux-chez-le-chien-symptomes-et-solutions-naturelles\/#breadcrumb\",\"itemListElement\":[{\"@type\":\"ListItem\",\"position\":1,\"name\":\"Accueil\",\"item\":\"https:\/\/phyto4pattes.fr\/\"},{\"@type\":\"ListItem\",\"position\":2,\"name\":\"Blog\",\"item\":\"https:\/\/phyto4pattes.fr\/index.php\/blog\/\"},{\"@type\":\"ListItem\",\"position\":3,\"name\":\"Parasites intestinaux chez le chien : sympt\u00f4mes et solutions naturelles\"}]},{\"@type\":\"WebSite\",\"@id\":\"http:\/\/phyto4pattes.fr\/#website\",\"url\":\"http:\/\/phyto4pattes.fr\/\",\"name\":\"Phyto4Pattes.fr\",\"description\":\"\u00ab Le bien-\u00eatre de votre animal commence par les plantes \u00bb\",\"publisher\":{\"@id\":\"http:\/\/phyto4pattes.fr\/#organization\"},\"potentialAction\":[{\"@type\":\"SearchAction\",\"target\":{\"@type\":\"EntryPoint\",\"urlTemplate\":\"http:\/\/phyto4pattes.fr\/?s={search_term_string}\"},\"query-input\":{\"@type\":\"PropertyValueSpecification\",\"valueRequired\":true,\"valueName\":\"search_term_string\"}}],\"inLanguage\":\"fr-FR\"},{\"@type\":\"Organization\",\"@id\":\"http:\/\/phyto4pattes.fr\/#organization\",\"name\":\"Phyto4Pattes.fr\",\"url\":\"http:\/\/phyto4pattes.fr\/\",\"logo\":{\"@type\":\"ImageObject\",\"inLanguage\":\"fr-FR\",\"@id\":\"http:\/\/phyto4pattes.fr\/#\/schema\/logo\/image\/\",\"url\":\"http:\/\/phyto4pattes.fr\/wp-content\/uploads\/2026\/03\/cropped-logo-10-Phyto-4-Pattes.jpg\",\"contentUrl\":\"http:\/\/phyto4pattes.fr\/wp-content\/uploads\/2026\/03\/cropped-logo-10-Phyto-4-Pattes.jpg\",\"width\":250,\"height\":250,\"caption\":\"Phyto4Pattes.fr\"},\"image\":{\"@id\":\"http:\/\/phyto4pattes.fr\/#\/schema\/logo\/image\/\"}}]}<\/script>\n<!-- \/ Yoast SEO plugin. -->","yoast_head_json":{"title":"Parasites intestinaux chez le chien : sympt\u00f4mes et solutions naturelles - Phyto4Pattes.fr","robots":{"index":"index","follow":"follow","max-snippet":"max-snippet:-1","max-image-preview":"max-image-preview:large","max-video-preview":"max-video-preview:-1"},"canonical":"http:\/\/phyto4pattes.fr\/index.php\/blog\/parasites-intestinaux-chez-le-chien-symptomes-et-solutions-naturelles\/","og_locale":"fr_FR","og_type":"article","og_title":"Parasites intestinaux chez le chien : sympt\u00f4mes et solutions naturelles - Phyto4Pattes.fr","og_description":"Les parasites intestinaux peuvent nuire gravement \u00e0 la sant\u00e9 de votre chien. \ud83d\udd0d Causes \u26a0\ufe0f Sympt\u00f4mes \ud83c\udf3f Solutions naturelles \ud83c\udfaf Que faire ? \ud83d\uded2 Solution recommand\u00e9e \ud83d\udc49 D\u00e9couvrir nos solutions antiparasitaires naturelles \u2753 FAQ Comment \u00e9liminer les parasites naturellement ?Gr\u00e2ce \u00e0 des plantes sp\u00e9cifiques et une bonne hygi\u00e8ne. \ud83d\udc49 Voir tous les articles sur les &hellip; Continuer la lecture de &laquo;&nbsp;Parasites intestinaux chez le chien : sympt\u00f4mes et solutions naturelles&nbsp;&raquo;","og_url":"http:\/\/phyto4pattes.fr\/index.php\/blog\/parasites-intestinaux-chez-le-chien-symptomes-et-solutions-naturelles\/","og_site_name":"Phyto4Pattes.fr","article_modified_time":"2026-03-27T13:50:14+00:00","twitter_card":"summary_large_image","twitter_misc":{"Dur\u00e9e de lecture estim\u00e9e":"1 minute"},"schema":{"@context":"https:\/\/schema.org","@graph":[{"@type":"WebPage","@id":"http:\/\/phyto4pattes.fr\/index.php\/blog\/parasites-intestinaux-chez-le-chien-symptomes-et-solutions-naturelles\/","url":"http:\/\/phyto4pattes.fr\/index.php\/blog\/parasites-intestinaux-chez-le-chien-symptomes-et-solutions-naturelles\/","name":"Parasites intestinaux chez le chien : sympt\u00f4mes et solutions naturelles - Phyto4Pattes.fr","isPartOf":{"@id":"http:\/\/phyto4pattes.fr\/#website"},"datePublished":"2026-03-27T13:48:22+00:00","dateModified":"2026-03-27T13:50:14+00:00","breadcrumb":{"@id":"http:\/\/phyto4pattes.fr\/index.php\/blog\/parasites-intestinaux-chez-le-chien-symptomes-et-solutions-naturelles\/#breadcrumb"},"inLanguage":"fr-FR","potentialAction":[{"@type":"ReadAction","target":["http:\/\/phyto4pattes.fr\/index.php\/blog\/parasites-intestinaux-chez-le-chien-symptomes-et-solutions-naturelles\/"]}]},{"@type":"BreadcrumbList","@id":"http:\/\/phyto4pattes.fr\/index.php\/blog\/parasites-intestinaux-chez-le-chien-symptomes-et-solutions-naturelles\/#breadcrumb","itemListElement":[{"@type":"ListItem","position":1,"name":"Accueil","item":"https:\/\/phyto4pattes.fr\/"},{"@type":"ListItem","position":2,"name":"Blog","item":"https:\/\/phyto4pattes.fr\/index.php\/blog\/"},{"@type":"ListItem","position":3,"name":"Parasites intestinaux chez le chien : sympt\u00f4mes et solutions naturelles"}]},{"@type":"WebSite","@id":"http:\/\/phyto4pattes.fr\/#website","url":"http:\/\/phyto4pattes.fr\/","name":"Phyto4Pattes.fr","description":"\u00ab Le bien-\u00eatre de votre animal commence par les plantes \u00bb","publisher":{"@id":"http:\/\/phyto4pattes.fr\/#organization"},"potentialAction":[{"@type":"SearchAction","target":{"@type":"EntryPoint","urlTemplate":"http:\/\/phyto4pattes.fr\/?s={search_term_string}"},"query-input":{"@type":"PropertyValueSpecification","valueRequired":true,"valueName":"search_term_string"}}],"inLanguage":"fr-FR"},{"@type":"Organization","@id":"http:\/\/phyto4pattes.fr\/#organization","name":"Phyto4Pattes.fr","url":"http:\/\/phyto4pattes.fr\/","logo":{"@type":"ImageObject","inLanguage":"fr-FR","@id":"http:\/\/phyto4pattes.fr\/#\/schema\/logo\/image\/","url":"http:\/\/phyto4pattes.fr\/wp-content\/uploads\/2026\/03\/cropped-logo-10-Phyto-4-Pattes.jpg","contentUrl":"http:\/\/phyto4pattes.fr\/wp-content\/uploads\/2026\/03\/cropped-logo-10-Phyto-4-Pattes.jpg","width":250,"height":250,"caption":"Phyto4Pattes.fr"},"image":{"@id":"http:\/\/phyto4pattes.fr\/#\/schema\/logo\/image\/"}}]}},"_links":{"self":[{"href":"https:\/\/phyto4pattes.fr\/index.php\/wp-json\/wp\/v2\/pages\/454","targetHints":{"allow":["GET"]}}],"collection":[{"href":"https:\/\/phyto4pattes.fr\/index.php\/wp-json\/wp\/v2\/pages"}],"about":[{"href":"https:\/\/phyto4pattes.fr\/index.php\/wp-json\/wp\/v2\/types\/page"}],"author":[{"embeddable":true,"href":"https:\/\/phyto4pattes.fr\/index.php\/wp-json\/wp\/v2\/users\/1"}],"replies":[{"embeddable":true,"href":"https:\/\/phyto4pattes.fr\/index.php\/wp-json\/wp\/v2\/comments?post=454"}],"version-history":[{"count":1,"href":"https:\/\/phyto4pattes.fr\/index.php\/wp-json\/wp\/v2\/pages\/454\/revisions"}],"predecessor-version":[{"id":456,"href":"https:\/\/phyto4pattes.fr\/index.php\/wp-json\/wp\/v2\/pages\/454\/revisions\/456"}],"up":[{"embeddable":true,"href":"https:\/\/phyto4pattes.fr\/index.php\/wp-json\/wp\/v2\/pages\/47"}],"wp:attachment":[{"href":"https:\/\/phyto4pattes.fr\/index.php\/wp-json\/wp\/v2\/media?parent=454"}],"curies":[{"name":"wp","href":"https:\/\/api.w.org\/{rel}","templated":true}]}}